{"id":39,"date":"2019-08-13T13:30:12","date_gmt":"2019-08-13T11:30:12","guid":{"rendered":"https:\/\/m6.pk.edu.pl\/?page_id=39"},"modified":"2019-08-14T11:40:34","modified_gmt":"2019-08-14T09:40:34","slug":"badania","status":"publish","type":"page","link":"https:\/\/m6.pk.edu.pl\/index.php\/nauka\/badania\/","title":{"rendered":"Badania"},"content":{"rendered":"\n<h2 class=\"animated fadeIn wp-block-heading\">Prace naukowo badawcze<\/h2>\n\n\n\n<p>Badania naukowe i prace badawczo-rozwojowe obejmuj\u0105 obszary:<\/p>\n\n\n\n<ul class=\"wp-block-list\"><li>mechaniki i budowy maszyn,<\/li><li>automatyki i robotyki,<\/li><li>zarz\u0105dzania i in\u017cynierii produkcji.<\/li><\/ul>\n\n\n\n<h2 class=\"animated fadeIn wp-block-heading\">Prace badawcze koncentruj\u0105 si\u0119 na zagadnieniach:<\/h2>\n\n\n\n<p class=\"ticss-36b87d7b\"><strong>automatyzacji i informatyzacji proces\u00f3w i system\u00f3w wytwarzania a w tym:<\/strong><\/p>\n\n\n\n<ul class=\"wp-block-list\"><li>projektowania i wdra\u017cania system\u00f3w komputerowego sterowania produkcj\u0105,<\/li><li>wizualizacji i nadzorowania proces\u00f3w produkcyjnych,<\/li><li>konfigurowania, instalacji i programowania sterownik\u00f3w PLC i CNC.<\/li><li>matematycznego modelowania i symulacji zautomatyzowanych system\u00f3w produkcyjnych,<\/li><li>inteligentnych system\u00f3w wytwarzania,<\/li><li>konstrukcji, technologii i eksploatacji narz\u0119dzi do obr\u00f3bki wi\u00f3rowej, \u015bciernej i erozyjnej, wytwarzania twardych pokry\u0107 odpornych na zu\u017cycie (np. TiN, TiAlN), optymalizacji warunk\u00f3w eksploatacji narz\u0119dzi,<\/li><li>niekonwencjonalnych metod obr\u00f3bki precyzyjnej, hybrydowej, badania sprawno\u015bci energetycznej proces\u00f3w obr\u00f3bki erozyjnej, badania minimalnej grubo\u015bci warstwy skrawanej, w\u0142a\u015bciwo\u015bci \u015bcierniw wt\u00f3rnych i odpadowych,<\/li><li>projektowania proces\u00f3w technologicznych obr\u00f3bki (tworzenia podstaw teoretycznych i metodyki projektowania w warunkach integracji przygotowania produkcji i wytwarzania), komputerowego wspomagania projektowania proces\u00f3w &#8211; CAPP przy zastosowaniu metod sztucznej inteligencji, tworzenia baz danych mo\u017cliwo\u015bci technologicznych system\u00f3w wytwarzania,<\/li><li>projektowania i doboru oprzyrz\u0105dowania technologicznego (tworzenia podstaw teoretycznych opisu i projektowania oprzyrz\u0105dowania), zastosowaniu system\u00f3w CAD i system\u00f3w ekspertowych, tworzeniu baz danych oprzyrz\u0105dowania oraz badania oprzyrz\u0105dowania &#8211; g\u0142\u00f3wnie przyrz\u0105d\u00f3w sk\u0142adanych,<\/li><li>projektowania proces\u00f3w monta\u017cu (analizy metod projektowania monta\u017cu w aspekcie in\u017cynierii wsp\u00f3\u0142bie\u017cnej),<\/li><li>komputerowego wspomagania w projektowaniu i eksploatacji maszyn technologicznych,<\/li><li>optymalizacji proces\u00f3w w zakresie in\u017cynierii produkcji w przedsi\u0119biorstwie dzia\u0142aj\u0105cym w warunkach gospodarki rynkowej,<\/li><li>nowoczesnych metod kontroli jako\u015bci i system\u00f3w zapewnienia jako\u015bci wyrob\u00f3w, rozwoju wsp\u00f3\u0142rz\u0119dno\u015bciowych metod pomiarowych, nadzorowania (identyfikacji i prognozowania) stanu przedmiotu i narz\u0119dzi w procesie wytwarzania,<\/li><li>wykorzystania podstaw biomechaniki w konstrukcji element\u00f3w i zespo\u0142\u00f3w robot\u00f3w (w szczeg\u00f3lno\u015bci chwytak\u00f3w, manipulator\u00f3w, itp.),<\/li><li>matematycznego modelowania uk\u0142ad\u00f3w i element\u00f3w hydrauliki, syntezy i analizy uk\u0142ad\u00f3w hydraulicznych, diagnostyki, element\u00f3w i uk\u0142ad\u00f3w hydraulicznych w warunkach laboratoryjnych,<\/li><li>analizy i opisu p\u0142ynowych uk\u0142ad\u00f3w w biomechanice (w tym p\u0142yn\u00f3w fizjologicznych).<\/li><\/ul>\n","protected":false},"excerpt":{"rendered":"<p>Prace naukowo badawcze Badania naukowe i prace badawczo-rozwojowe obejmuj\u0105 obszary: mechaniki i budowy maszyn, automatyki i robotyki, zarz\u0105dzania i in\u017cynierii produkcji. Prace badawcze koncentruj\u0105 si\u0119 na zagadnieniach: automatyzacji i informatyzacji proces\u00f3w i system\u00f3w wytwarzania a w tym: projektowania i wdra\u017cania system\u00f3w komputerowego sterowania produkcj\u0105, wizualizacji i nadzorowania proces\u00f3w produkcyjnych, konfigurowania, instalacji i programowania sterownik\u00f3w PLC&hellip;&nbsp;<a href=\"https:\/\/m6.pk.edu.pl\/index.php\/nauka\/badania\/\" rel=\"bookmark\">Dowiedz si\u0119 wi\u0119cej &raquo;<span class=\"screen-reader-text\">Badania<\/span><\/a><\/p>\n","protected":false},"author":1,"featured_media":0,"parent":33,"menu_order":0,"comment_status":"closed","ping_status":"closed","template":"","meta":{"advgb_blocks_editor_width":"","advgb_blocks_columns_visual_guide":"","neve_meta_sidebar":"","neve_meta_container":"","neve_meta_enable_content_width":"","neve_meta_content_width":70,"neve_meta_title_alignment":"","neve_meta_author_avatar":"","neve_post_elements_order":"","neve_meta_disable_header":"","neve_meta_disable_footer":"","neve_meta_disable_title":"","_themeisle_gutenberg_block_has_review":false,"footnotes":""},"class_list":["post-39","page","type-page","status-publish","hentry"],"coauthors":[],"author_meta":{"author_link":"https:\/\/m6.pk.edu.pl\/index.php\/author\/gibaspiotr\/","display_name":"gibaspiotr"},"relative_dates":{"created":"Posted 7 lat ago","modified":"Updated 7 lat ago"},"absolute_dates":{"created":"Posted on 13 sierpnia 2019","modified":"Updated on 14 sierpnia 2019"},"absolute_dates_time":{"created":"Posted on 13 sierpnia 2019 13:30","modified":"Updated on 14 sierpnia 2019 11:40"},"featured_img_caption":"","featured_img":false,"series_order":"","_links":{"self":[{"href":"https:\/\/m6.pk.edu.pl\/index.php\/wp-json\/wp\/v2\/pages\/39","targetHints":{"allow":["GET"]}}],"collection":[{"href":"https:\/\/m6.pk.edu.pl\/index.php\/wp-json\/wp\/v2\/pages"}],"about":[{"href":"https:\/\/m6.pk.edu.pl\/index.php\/wp-json\/wp\/v2\/types\/page"}],"author":[{"embeddable":true,"href":"https:\/\/m6.pk.edu.pl\/index.php\/wp-json\/wp\/v2\/users\/1"}],"replies":[{"embeddable":true,"href":"https:\/\/m6.pk.edu.pl\/index.php\/wp-json\/wp\/v2\/comments?post=39"}],"version-history":[{"count":0,"href":"https:\/\/m6.pk.edu.pl\/index.php\/wp-json\/wp\/v2\/pages\/39\/revisions"}],"up":[{"embeddable":true,"href":"https:\/\/m6.pk.edu.pl\/index.php\/wp-json\/wp\/v2\/pages\/33"}],"wp:attachment":[{"href":"https:\/\/m6.pk.edu.pl\/index.php\/wp-json\/wp\/v2\/media?parent=39"}],"curies":[{"name":"wp","href":"https:\/\/api.w.org\/{rel}","templated":true}]}}