{"id":279,"date":"2019-08-16T10:13:14","date_gmt":"2019-08-16T08:13:14","guid":{"rendered":"https:\/\/m6.pk.edu.pl\/?page_id=279"},"modified":"2025-10-21T13:28:01","modified_gmt":"2025-10-21T11:28:01","slug":"pobozniak-janusz","status":"publish","type":"page","link":"https:\/\/m6.pk.edu.pl\/index.php\/struktura-m-06\/pracownicy-instytutu\/pobozniak-janusz\/","title":{"rendered":"Pobo\u017cniak Janusz"},"content":{"rendered":"\n<div class=\"wp-block-media-text alignwide is-stacked-on-mobile\" style=\"grid-template-columns:21% auto\"><figure class=\"wp-block-media-text__media\"><img fetchpriority=\"high\" decoding=\"async\" width=\"601\" height=\"900\" src=\"https:\/\/m6.pk.edu.pl\/wp-content\/uploads\/2019\/08\/Pobozniak.jpg\" alt=\"\" class=\"wp-image-1404 size-full\" srcset=\"https:\/\/m6.pk.edu.pl\/wp-content\/uploads\/2019\/08\/Pobozniak.jpg 601w, https:\/\/m6.pk.edu.pl\/wp-content\/uploads\/2019\/08\/Pobozniak-200x300.jpg 200w\" sizes=\"(max-width: 601px) 100vw, 601px\" \/><\/figure><div class=\"wp-block-media-text__content\">\n<h3 class=\"wp-block-heading\">dr in\u017c. Janusz Pobo\u017cniak <\/h3>\n\n\n\n<h4 class=\"wp-block-heading\"><a href=\"https:\/\/www.scopus.com\/authid\/detail.uri?authorId=55505279000\">SCOPUS Author ID<\/a><br><a href=\"https:\/\/orcid.org\/0000-0002-9160-0460\">ORCID iD<\/a><br><a href=\"https:\/\/cris.pk.edu.pl\/info\/author\/CUTaf3b34ec78fc4d3eae1c31272a20276e?r=author&amp;tab=&amp;title=Profil%2Bosoby%2B%25E2%2580%2593%2BJanusz%2BPobo%25C5%25BCniak%2B%25E2%2580%2593%2BPolitechnika%2BKrakowska&amp;lang=pl\">Publikacje &#8211; CRIS PK<\/a><\/h4>\n\n\n\n<p>Telefon:&nbsp;32 66<br>E-mail:&nbsp;<a href=\"mailto:janusz.pobozniak@pk.edu.pl\"><\/a><a href=\"mailto:janusz.pobozniak@pk.edu.pl\">janusz.pobozniak@pk.edu.pl<\/a><br>Pok\u00f3j C 207a<\/p>\n\n\n\n<ul class=\"wp-block-list\">\n<li><a href=\"https:\/\/m6.pk.edu.pl\/index.php\/strefa-dla-studenta\/konsultacje\/\"><\/a><strong><a href=\"https:\/\/spispracownikow.pk.edu.pl\/\">Konsultacje<\/a><\/strong> w spisie pracownik\u00f3w<\/li>\n\n\n\n<li><a href=\"https:\/\/m6.pk.edu.pl\/index.php\/strefa-dla-studenta\/dyplomy\/zagadnienia-do-wyboru-tematow-prac-dyplomowych\/\">Zagadnienia do prac dyplomowych<\/a><\/li>\n\n\n\n<li><a href=\"https:\/\/m6.pk.edu.pl\/index.php\/strefa-dla-studenta\/materialy-dydaktyczne\/\">Materia\u0142y dydaktyczne udost\u0119pniane dla student\u00f3w<\/a><\/li>\n<\/ul>\n<\/div><\/div>\n\n\n\n<p><strong>Dzia\u0142alno\u015b\u0107 naukowo &#8211; badawcza<\/strong><br>Automatyzacja prac projektowych w systemach CAx: projektowanie proces\u00f3w technologicznych z u\u017cyciem system\u00f3w ekspertowych, metody reprezentacji wiedzy technologicznej, budowa baz wiedzy technologicznej, integracja system\u00f3w CAD\/CAPP\/CAM za pomoc\u0105 cech technologicznych, algorytmy rozpoznawania cech technologicznych, integracja aplikacji pracuj\u0105cych w \u015brodowisku CAx za pomoc\u0105 mechanizmu API, metodologia FT&amp;A.<br>Systemy komputerowego wspomagania obrabiarek sterowanych numerycznie: programowanie r\u0119czne w kodzie ISO, programowanie w zintegrowanych systemach CAD\/CAM, zastosowanie inteligentnych szablon\u00f3w do automatyzacji programowania obrabiarek opartych na bazach wiedzy, budowa danych narz\u0119dzi i oprzyrz\u0105dowania przedmiotowego z funkcjami wspomagania doboru o r\u00f3\u017cnym poziomie autonomii, budowa wirtualnych modelu obrabiarek do symulacji obr\u00f3bki.&nbsp;<br>Zastosowanie system\u00f3w ERP w techniczno-organizacyjnym przygotowaniu produkcji: rejestracja baz produkcyjnych: ewidencji pracownik\u00f3w, narz\u0119dzi, maszyn i innych zasob\u00f3w produkcyjnych, definiowanie proces\u00f3w technologicznych i przypisywanie potrzebnych surowc\u00f3w oraz zasob\u00f3w, metody planowania, harmonogramowanie produkcji, raportowanie i nadz\u00f3r nad produkcj\u0105, rozliczanie produkcji &nbsp;liczenie koszt\u00f3w z uwzgl\u0119dnieniem surowc\u00f3w, zasob\u00f3w oraz dodatkowych koszt\u00f3w wynikaj\u0105cych z technologii.<\/p>\n\n\n\n<p><strong>Dzia\u0142alno\u015b\u0107 dydaktyczna<\/strong><br>Zakres: konwencjonalne metody projektowania proces\u00f3w technologicznych obr\u00f3bki i monta\u017cu, programowanie OSN w systemach MTS\/Catia, budowa element\u00f3w automatyzacji programowania OSN, zarz\u0105dzanie projektami, budowa bazy danych, techniczne przygotowanie produkcji z u\u017cyciem system\u00f3w COMARCH OPT!MA i COMARCH CDN CL.<\/p>\n\n\n\n<p><strong>Prowadzone przedmioty<\/strong>: <br>Systemy Informatyczne w przedsi\u0119biorstwie (IP), Programowanie obrabiarek i robot\u00f3w (INF, AiR), Systemy komputerowego wspomagania (AiR), Wirtualne wytwarzanie (AiR), Programowanie uk\u0142ad\u00f3w sterowania numerycznego (AiR)<\/p>\n","protected":false},"excerpt":{"rendered":"<p>Dzia\u0142alno\u015b\u0107 naukowo &#8211; badawczaAutomatyzacja prac projektowych w systemach CAx: projektowanie proces\u00f3w technologicznych z u\u017cyciem system\u00f3w ekspertowych, metody reprezentacji wiedzy technologicznej, budowa baz wiedzy technologicznej, integracja system\u00f3w CAD\/CAPP\/CAM za pomoc\u0105 cech technologicznych, algorytmy rozpoznawania cech technologicznych, integracja aplikacji pracuj\u0105cych w \u015brodowisku CAx za pomoc\u0105 mechanizmu API, metodologia FT&amp;A.Systemy komputerowego wspomagania obrabiarek sterowanych numerycznie: programowanie r\u0119czne w&hellip;&nbsp;<a href=\"https:\/\/m6.pk.edu.pl\/index.php\/struktura-m-06\/pracownicy-instytutu\/pobozniak-janusz\/\" rel=\"bookmark\">Dowiedz si\u0119 wi\u0119cej &raquo;<span class=\"screen-reader-text\">Pobo\u017cniak Janusz<\/span><\/a><\/p>\n","protected":false},"author":1,"featured_media":0,"parent":100,"menu_order":0,"comment_status":"closed","ping_status":"closed","template":"","meta":{"advgb_blocks_editor_width":"","advgb_blocks_columns_visual_guide":"","neve_meta_sidebar":"","neve_meta_container":"","neve_meta_enable_content_width":"off","neve_meta_content_width":0,"neve_meta_title_alignment":"","neve_meta_author_avatar":"","neve_post_elements_order":"","neve_meta_disable_header":"","neve_meta_disable_footer":"","neve_meta_disable_title":"on","_themeisle_gutenberg_block_has_review":false,"footnotes":""},"class_list":["post-279","page","type-page","status-publish","hentry"],"coauthors":[],"author_meta":{"author_link":"https:\/\/m6.pk.edu.pl\/index.php\/author\/gibaspiotr\/","display_name":"gibaspiotr"},"relative_dates":{"created":"Posted 7 lat ago","modified":"Updated 6 miesi\u0119cy ago"},"absolute_dates":{"created":"Posted on 16 sierpnia 2019","modified":"Updated on 21 pa\u017adziernika 2025"},"absolute_dates_time":{"created":"Posted on 16 sierpnia 2019 10:13","modified":"Updated on 21 pa\u017adziernika 2025 13:28"},"featured_img_caption":"","featured_img":false,"series_order":"","_links":{"self":[{"href":"https:\/\/m6.pk.edu.pl\/index.php\/wp-json\/wp\/v2\/pages\/279","targetHints":{"allow":["GET"]}}],"collection":[{"href":"https:\/\/m6.pk.edu.pl\/index.php\/wp-json\/wp\/v2\/pages"}],"about":[{"href":"https:\/\/m6.pk.edu.pl\/index.php\/wp-json\/wp\/v2\/types\/page"}],"author":[{"embeddable":true,"href":"https:\/\/m6.pk.edu.pl\/index.php\/wp-json\/wp\/v2\/users\/1"}],"replies":[{"embeddable":true,"href":"https:\/\/m6.pk.edu.pl\/index.php\/wp-json\/wp\/v2\/comments?post=279"}],"version-history":[{"count":0,"href":"https:\/\/m6.pk.edu.pl\/index.php\/wp-json\/wp\/v2\/pages\/279\/revisions"}],"up":[{"embeddable":true,"href":"https:\/\/m6.pk.edu.pl\/index.php\/wp-json\/wp\/v2\/pages\/100"}],"wp:attachment":[{"href":"https:\/\/m6.pk.edu.pl\/index.php\/wp-json\/wp\/v2\/media?parent=279"}],"curies":[{"name":"wp","href":"https:\/\/api.w.org\/{rel}","templated":true}]}}