{"id":2653,"date":"2020-01-08T08:43:48","date_gmt":"2020-01-08T07:43:48","guid":{"rendered":"https:\/\/m6.pk.edu.pl\/?page_id=2653"},"modified":"2020-01-08T09:05:24","modified_gmt":"2020-01-08T08:05:24","slug":"automatyzacja-systemow-wytwarzania","status":"publish","type":"page","link":"https:\/\/m6.pk.edu.pl\/index.php\/strefa-dla-studenta\/kierunki-i-specjalnosci\/automatyzacja-systemow-wytwarzania\/","title":{"rendered":"Automatyzacja system\u00f3w wytwarzania"},"content":{"rendered":"\n<h3 class=\"wp-block-heading\"><strong>Automatyzacja system\u00f3w wytwarzania <\/strong><br><strong>(studia I stopnia)<\/strong><\/h3>\n\n\n\n<p class=\"has-text-align-left\">Specjalno\u015b\u0107 przygotowuje do rozwi\u0105zywania problem\u00f3w automatyzacji zar\u00f3wno lokalnych stanowisk wytwarzania, jak i kompleksowych system\u00f3w wytw\u00f3rczych <br>(w szczeg\u00f3lno\u015bci w przemy\u015ble elektromaszynowym). <\/p>\n\n\n\n<p class=\"has-text-align-left\">Nabyta wiedza daje podstawy do podj\u0119cia wsp\u00f3\u0142pracy z zespo\u0142ami specjalist\u00f3w mechanik\u00f3w, informatyk\u00f3w, elektronik\u00f3w i automatyk\u00f3w. Wiedza z zakresu system\u00f3w komputerowego wspomagania CAx, umiej\u0119tno\u015b\u0107 programowania sterownik\u00f3w, maj\u0105cych zastosowanie w zautomatyzowanych uk\u0142adach obr\u00f3bkowych, w przemy\u015ble spo\u017cywczym, papierniczym, w energetyce itd. oraz umiej\u0119tno\u015b\u0107 korzystania z&nbsp;zaawansowanych program\u00f3w komputerowych, wspomagaj\u0105cych projektowanie proces\u00f3w i&nbsp;system\u00f3w wytwarzania, to cechy nowoczesnego in\u017cyniera mechanika, kt\u00f3ry w przemy\u015ble podejmuje zadania zwi\u0105zane z automatyzacj\u0105 proces\u00f3w wytwarzania.<\/p>\n\n\n\n<div class=\"wp-block-image\"><figure class=\"aligncenter size-large\"><img fetchpriority=\"high\" decoding=\"async\" width=\"335\" height=\"191\" src=\"https:\/\/m6.pk.edu.pl\/wp-content\/uploads\/2020\/01\/image-1.png\" alt=\"\" class=\"wp-image-2655\" srcset=\"https:\/\/m6.pk.edu.pl\/wp-content\/uploads\/2020\/01\/image-1.png 335w, https:\/\/m6.pk.edu.pl\/wp-content\/uploads\/2020\/01\/image-1-300x171.png 300w\" sizes=\"(max-width: 335px) 100vw, 335px\" \/><\/figure><\/div>\n\n\n\n<h3 class=\"wp-block-heading\"> Przedmioty specjalno\u015bciowe  <\/h3>\n\n\n\n<div class=\"wp-block-advgb-accordions advgb-accordion-wrapper\" data-collapsed=\"true\">\n<div class=\"wp-block-advgb-accordion-item advgb-accordion-item\" style=\"margin-bottom:10px\"><div class=\"advgb-accordion-header\" style=\"background-color:#0b58b3;color:#f9f9f9;border-style:solid;border-width:1px;border-color:#f9f9f9;border-radius:10px\"><span class=\"advgb-accordion-header-icon\"><svg fill=\"#f9f9f9\" xmlns=\"http:\/\/www.w3.org\/2000\/svg\" width=\"24\" height=\"24\" viewbox=\"0 0 24 24\"><path opacity=\"0.87\" fill=\"none\" d=\"M24,24H0L0,0l24,0V24z\"><\/path><path d=\"M16.59,8.59L12,13.17L7.41,8.59L6,10l6,6l6-6L16.59,8.59z\"><\/path><\/svg><\/span><h4 class=\"advgb-accordion-header-title\" style=\"color:inherit\"> &lt;strong>Modelowanie system\u00f3w obr\u00f3bki i monta\u017cu&lt;\/strong> <\/h4><\/div><div class=\"advgb-accordion-body\" style=\"border-style:solid;border-width:1px;border-color:#f9f9f9;border-radius:10px\">\n<p><strong>Wyk\u0142ady: <\/strong>Modelowanie struktur technologiczno-kinematycznych systemu wytwarzania<strong>. <\/strong>Model technologiczny systemu wytwarzania. Powi\u0105zania transportowe. Wykorzystanie teorii graf\u00f3w do opisu struktur technologicznych system\u00f3w wytwarzania. Zapis struktur kinematycznych stanowisk wytwarzania. Projektowanie rozmieszczenia stanowisk w systemie wytwarzania<strong>. <\/strong>Metody planowania rozmieszczenia stanowisk w kom\u00f3rce produkcyjnej. Wytyczne do projektowania rozmieszczenia stanowisk.<strong>. <\/strong>Tworzenie makiety cyfrowej systemu wytwarzania<strong>.  <\/strong>Modelowanie i symulacja system\u00f3w produkcyjnych. Tworzenie modeli stanowisk obr\u00f3bki i monta\u017cu w CAD CATIA V5. Tworzenie makiet cyfrowych z\u0142o\u017conych system\u00f3w produkcyjnych w DELMIA V5.<\/p>\n\n\n\n<p><strong>Laboratoria <\/strong>Projekt systemu obr\u00f3bkowego dla produkcji seryjnej: Obliczenia organizacyjne dla produkcji seryjnej. Wst\u0119pny projekt rozmieszczenia stanowisk i przep\u0142ywu materia\u0142\u00f3w pod MS Visio. Projekt planu 2D systemu wytwarzania z uwzgl\u0119dnieniem norm i zasad rozmieszczania. Opracowanie harmonogramu wzorcowego pod MS Visio. Wyznaczenie potrzeb materia\u0142owych i zapas\u00f3w w toku produkcji. Projekt systemu monta\u017cowego.: Projekt procesu, opracowanie cyklogramu monta\u017cu, projekt stanowisk.  <\/p>\n<\/div><\/div>\n\n\n\n<div class=\"wp-block-advgb-accordion-item advgb-accordion-item\" style=\"margin-bottom:10px\"><div class=\"advgb-accordion-header\" style=\"background-color:#0b58b3;color:#f9f9f9;border-style:solid;border-width:1px;border-color:#f9f9f9;border-radius:10px\"><span class=\"advgb-accordion-header-icon\"><svg fill=\"#f9f9f9\" xmlns=\"http:\/\/www.w3.org\/2000\/svg\" width=\"24\" height=\"24\" viewbox=\"0 0 24 24\"><path opacity=\"0.87\" fill=\"none\" d=\"M24,24H0L0,0l24,0V24z\"><\/path><path d=\"M16.59,8.59L12,13.17L7.41,8.59L6,10l6,6l6-6L16.59,8.59z\"><\/path><\/svg><\/span><h4 class=\"advgb-accordion-header-title\" style=\"color:inherit\">&lt;strong>Modernizacja sterowania maszyn i urz\u0105dze\u0144 technologicznych&lt;\/strong>  <\/h4><\/div><div class=\"advgb-accordion-body\" style=\"border-style:solid;border-width:1px;border-color:#f9f9f9;border-radius:10px\">\n<p>\n<strong>Wyk\u0142ady:<\/strong>\nCele modernizacji sterowania: nowe mo\u017cliwo\u015bci technologiczne i\nkorzy\u015bci ekonomiczne. Analiza mo\u017cliwo\u015bci modernizacji i okre\u015blenie\njej zakresu. Zasady implementacji uk\u0142ad\u00f3w sterowania numerycznego\nCNC. Wymagania odno\u015bnie uk\u0142ad\u00f3w pomiarowych, serwonap\u0119dowych,\nnap\u0119d\u00f3w pomocniczych i sensorycznych obrabiarki. Sposoby\nprzenoszenia funkcji realizowanych na przeka\u017anikach na sterowniki\nprogramowalne PLC. Zast\u0119powanie analogowych uk\u0142ad\u00f3w nap\u0119dowych\nuk\u0142adami cyfrowymi. Zagadnienia zwi\u0105zane z modernizacj\u0105 maszyn i\nurz\u0105dze\u0144 w aspekcie znaku bezpiecze\u0144stwa CE.<\/p>\n\n\n\n<p> <strong>Laboratoria:<\/strong> Modernizacja uk\u0142ad\u00f3w sterowania logicznego: obrabiarek, urz\u0105dze\u0144 technologicznych i innych urz\u0105dze\u0144 technicznych. Przyk\u0142ad zast\u0105pienia konwencjonalnego uk\u0142adu sterowania sekwencyjnego programowalnym uk\u0142adem sterowania logicznego (PLC) na przyk\u0142adzie CPP TOR. Zastosowanie rozproszonych wej\u015b\u0107 &#8211; wyj\u015b\u0107 w oparciu o ethernetow\u0105 sie\u0107 przemys\u0142ow\u0105. Procedura doboru uk\u0142adu sterowania CNC, uk\u0142ad\u00f3w nap\u0119dowych oraz uk\u0142ad\u00f3w wej\u015bcia-wyj\u015bcia do istniej\u0105cej maszyny na przyk\u0142adzie tokarki TKX. Procedura zamiany nap\u0119d\u00f3w analogowych na cyfrowe w obrabiarkach CNC.<\/p>\n\n\n\n<figure class=\"wp-block-image\"><img decoding=\"async\" src=\"https:\/\/m6.pk.edu.pl\/wp-content\/uploads\/2020\/01\/image-2.png\" alt=\"Obrazek posiada pusty atrybut alt; plik o nazwie image-2.png\"\/><\/figure>\n\n\n\n<p><!--EndFragment--><\/p>\n<\/div><\/div>\n\n\n\n<div class=\"wp-block-advgb-accordion-item advgb-accordion-item\" style=\"margin-bottom:10px\"><div class=\"advgb-accordion-header\" style=\"background-color:#0b58b3;color:#f9f9f9;border-style:solid;border-width:1px;border-color:#f9f9f9;border-radius:10px\"><span class=\"advgb-accordion-header-icon\"><svg fill=\"#f9f9f9\" xmlns=\"http:\/\/www.w3.org\/2000\/svg\" width=\"24\" height=\"24\" viewbox=\"0 0 24 24\"><path opacity=\"0.87\" fill=\"none\" d=\"M24,24H0L0,0l24,0V24z\"><\/path><path d=\"M16.59,8.59L12,13.17L7.41,8.59L6,10l6,6l6-6L16.59,8.59z\"><\/path><\/svg><\/span><h4 class=\"advgb-accordion-header-title\" style=\"color:inherit\"> &lt;strong>Programowanie uk\u0142ad\u00f3w sterowania numerycznego&lt;\/strong>  <\/h4><\/div><div class=\"advgb-accordion-body\" style=\"border-style:solid;border-width:1px;border-color:#f9f9f9;border-radius:10px\">\n<p><strong>Wyk\u0142ady:<\/strong> Podzia\u0142 maszyn roboczych. Poj\u0119cie podstawowe. Rodzaje sterowania i interpolacji. Regu\u0142y przyjmowania osi uk\u0142adu wsp\u00f3\u0142rz\u0119dnych. Programy steruj\u0105ce \u2013 budowa i struktura, adresy, funkcje przygotowawcze i pomocnicze. Cykle obr\u00f3bkowe i podprogramy. Przygotowanie maszyny do pracy. Karty uzbrojenia. Definiowanie narz\u0119dzi, chwytak\u00f3w i g\u0142owic roboczych &#8211; punkt charakterystyczny, wsp\u00f3\u0142rz\u0119dne lokalne, wymiary charakterystyczne. Przestrze\u0144 robocza. Rodzaje i metody programowania. Programowanie on line i of line. Programowanie r\u0119czne, obliczanie trajektorii ruchu, ograniczenia. Programowanie wspomagane komputerowo w systemach CAM i CAx \u2013 charakterystyka system\u00f3w. Programowanie bezpo\u015brednie. Programowanie zorientowane warsztatowo (WOP). <\/p>\n\n\n\n<p><strong>Laboratoria: <\/strong>Programowanie obrabiarki w systemie programowania maszynowego, opracowanie programu \u017ar\u00f3d\u0142owego, generowanie i symulacja programu steruj\u0105cego, analiza kolizyjno\u015bci. Programowanie  robota przemys\u0142owego. Programowanie zorientowane warsztatowo (WOP) obrabiarki CO ARROW 500, przygotowanie obrabiarki do pracy, edytowanie programu funkcj\u0105 RAP, realizacja programu. <\/p>\n<\/div><\/div>\n\n\n\n<div class=\"wp-block-advgb-accordion-item advgb-accordion-item\" style=\"margin-bottom:10px\"><div class=\"advgb-accordion-header\" style=\"background-color:#0b58b3;color:#f9f9f9;border-style:solid;border-width:1px;border-color:#f9f9f9;border-radius:10px\"><span class=\"advgb-accordion-header-icon\"><svg fill=\"#f9f9f9\" xmlns=\"http:\/\/www.w3.org\/2000\/svg\" width=\"24\" height=\"24\" viewbox=\"0 0 24 24\"><path opacity=\"0.87\" fill=\"none\" d=\"M24,24H0L0,0l24,0V24z\"><\/path><path d=\"M16.59,8.59L12,13.17L7.41,8.59L6,10l6,6l6-6L16.59,8.59z\"><\/path><\/svg><\/span><h4 class=\"advgb-accordion-header-title\" style=\"color:inherit\">  &lt;strong>Roboty mobilne&lt;\/strong>   <\/h4><\/div><div class=\"advgb-accordion-body\" style=\"border-style:solid;border-width:1px;border-color:#f9f9f9;border-radius:10px\">\n<p><strong>Wyk\u0142ady: <\/strong>Budowa i zasada dzia\u0142ania robot\u00f3w i platform mobilnych. Uk\u0142ady jezdne stosowane w robotach mobilnych (ko\u0142a, g\u0105sienice, mechanizmy krocz\u0105ce). Uk\u0142ady nap\u0119dowe. Sensoryka (czujniki ultrad\u017awi\u0119kowe, czujniki optyczne, dotykowe, kompasy, \u017cyroskopy, systemy wizyjne, skanery laserowe). Zasilanie robot\u00f3w mobilnych. Uk\u0142ady sterowania. Systemy nawigacji robot\u00f3w mobilnych. Systemy bezpiecze\u0144stwa w robotach mobilnych. Algorytmy detekcji i omijania przeszk\u00f3d. Planowanie trajektorii ruchu robota mobilnego. Systemy wieloobrotowe. Wsp\u00f3\u0142praca robot\u00f3w. Zastosowanie robot\u00f3w mobilnych w przemy\u015ble. AGV. <\/p>\n\n\n\n<p><strong>Laboratoria: <\/strong>Modelowanie chodu robota krocz\u0105cego w aplikacji Matlab i weryfikacja otrzymanych wynik\u00f3w na obiekcie rzeczywistym. Programowanie robota pod\u0105\u017caj\u0105cego wzd\u0142u\u017c linii. Konfiguracja oraz badanie parametr\u00f3w funkcjonalnych systemu nawigacji laserowej. Konfiguracja i integracja skanera bezpiecze\u0144stwa z systemem sterowania robota mobilnego. <\/p>\n<\/div><\/div>\n<\/div>\n\n\n\n<p class=\"has-text-color has-background has-white-color has-neve-link-color-background-color\"><strong>Specjalno\u015b\u0107 przygotowuje do podj\u0119cia studi\u00f3w II stopnia g\u0142\u00f3wnie na kierunkach Automatyka i Robotyka  oraz In\u017cynieria produkcji, kt\u00f3rych programy s\u0105 odpowiedzi\u0105 na  wyzwania czwartej rewolucji przemys\u0142owej. Jej wyr\u00f3\u017cnikiem jest cyfrowa produkcja b\u0119d\u0105ca urzeczywistnieniem inteligentnej fabryki. W takiej fabryce systemy cyber-fizyczne steruj\u0105 procesami fizycznymi, tworz\u0105c wirtualne (cyfrowe) kopie \u015bwiata realnego.<\/strong><\/p>\n\n\n\n<h4 class=\"wp-block-heading\"> <strong>Przyk\u0142ady zrealizowanych prac dyplomowych<\/strong><\/h4>\n\n\n\n<ul class=\"wp-block-list\"><li>Projekt systemu sterowania i nadzoru linii kolejowych du\u017cych pr\u0119dko\u015bci. <\/li><li>Projekt automatyzacji linii b\u0119bnowo- zawieszkowej do cynkowania alkalicznego. <\/li><li>Projekt automatyzacji myjni bezdotykowej z wykorzystaniem sterownika PLC. <\/li><li>Projekt sterowania systemem zarz\u0105dzania inteligentnego budynku z wykorzystaniem sterownika PLC. <\/li><li>Projekt automatyzacji linii monta\u017cu amortyzator\u00f3w samochodowych z wykorzystaniem sterownika PLC.  <\/li><li>Mechatroniczny mieszalnik farb, projekt i wykonanie.  <\/li><li>Projekt automatyzacji produkcji mleka spo\u017cywczego. <\/li><li>Projekt automatyzacji linii transportu biomasy le\u015bnej. <\/li><li>Sterowanie ruchem kolejowym na stacji Krak\u00f3w \u2013 P\u0142asz\u00f3w. <\/li><\/ul>\n\n\n\n<hr class=\"wp-block-separator has-text-color has-background has-neve-link-color-background-color has-neve-link-color-color is-style-wide\"\/>\n\n\n\n<h2 class=\"wp-block-heading\"><strong>Automatyzacja system\u00f3w wytwarzania <\/strong><br><strong>(studia II stopnia)<\/strong><\/h2>\n\n\n\n<p>Program specjalno\u015bci jest odpowiedzi\u0105 na wyzwania czwartej rewolucji przemys\u0142owej, kt\u00f3rej wyr\u00f3\u017cnikiem jest cyfrowa produkcja b\u0119d\u0105ca urzeczywistnieniem inteligentnej fabryki. W takiej fabryce systemy cyber-fizyczne steruj\u0105 procesami fizycznymi, tworz\u0105c wirtualne (cyfrowe) kopie \u015bwiata realnego. <\/p>\n\n\n\n<p>Absolwenci specjalno\u015bci poznaj\u0105 techniki i zasady funkcjonowania organizacji produkcyjnych stosuj\u0105cych \u0142\u0105cznie lub u\u017cywaj\u0105cych  system\u00f3w cyber- fizycznych, internetu rzeczy i przetwarzania chmurowego otrzymuj\u0105c wiedz\u0119 z zakresu zintegrowanego projektowania  wyrob\u00f3w proces\u00f3w i system\u00f3w wytwarzania.  <\/p>\n\n\n\n<p> Opis przedmiot\u00f3w specjalno\u015bciowych realizowanych na specjalno\u015bci Automatyzacja system\u00f3w wywarzania, znajduje si\u0119 na stronie: <a href=\"http:\/\/syllabus.pk.edu.pl\/plan\/show\/html.pk?id=2844\">http:\/\/syllabus.pk.edu.pl\/plan\/show\/html.pk?id=2844<\/a><\/p>\n","protected":false},"excerpt":{"rendered":"<p>Automatyzacja system\u00f3w wytwarzania (studia I stopnia) Specjalno\u015b\u0107 przygotowuje do rozwi\u0105zywania problem\u00f3w automatyzacji zar\u00f3wno lokalnych stanowisk wytwarzania, jak i kompleksowych system\u00f3w wytw\u00f3rczych (w szczeg\u00f3lno\u015bci w przemy\u015ble elektromaszynowym). Nabyta wiedza daje podstawy do podj\u0119cia wsp\u00f3\u0142pracy z zespo\u0142ami specjalist\u00f3w mechanik\u00f3w, informatyk\u00f3w, elektronik\u00f3w i automatyk\u00f3w. Wiedza z zakresu system\u00f3w komputerowego wspomagania CAx, umiej\u0119tno\u015b\u0107 programowania sterownik\u00f3w, maj\u0105cych zastosowanie w zautomatyzowanych&hellip;&nbsp;<a href=\"https:\/\/m6.pk.edu.pl\/index.php\/strefa-dla-studenta\/kierunki-i-specjalnosci\/automatyzacja-systemow-wytwarzania\/\" rel=\"bookmark\">Dowiedz si\u0119 wi\u0119cej &raquo;<span class=\"screen-reader-text\">Automatyzacja system\u00f3w wytwarzania<\/span><\/a><\/p>\n","protected":false},"author":1,"featured_media":0,"parent":58,"menu_order":0,"comment_status":"closed","ping_status":"closed","template":"","meta":{"advgb_blocks_editor_width":"","advgb_blocks_columns_visual_guide":"","neve_meta_sidebar":"right","neve_meta_container":"","neve_meta_enable_content_width":"","neve_meta_content_width":100,"neve_meta_title_alignment":"","neve_meta_author_avatar":"","neve_post_elements_order":"","neve_meta_disable_header":"","neve_meta_disable_footer":"","neve_meta_disable_title":"","_themeisle_gutenberg_block_has_review":false,"footnotes":""},"class_list":["post-2653","page","type-page","status-publish","hentry"],"coauthors":[],"author_meta":{"author_link":"https:\/\/m6.pk.edu.pl\/index.php\/author\/gibaspiotr\/","display_name":"gibaspiotr"},"relative_dates":{"created":"Posted 6 lat ago","modified":"Updated 6 lat ago"},"absolute_dates":{"created":"Posted on 8 stycznia 2020","modified":"Updated on 8 stycznia 2020"},"absolute_dates_time":{"created":"Posted on 8 stycznia 2020 08:43","modified":"Updated on 8 stycznia 2020 09:05"},"featured_img_caption":"","featured_img":false,"series_order":"","_links":{"self":[{"href":"https:\/\/m6.pk.edu.pl\/index.php\/wp-json\/wp\/v2\/pages\/2653","targetHints":{"allow":["GET"]}}],"collection":[{"href":"https:\/\/m6.pk.edu.pl\/index.php\/wp-json\/wp\/v2\/pages"}],"about":[{"href":"https:\/\/m6.pk.edu.pl\/index.php\/wp-json\/wp\/v2\/types\/page"}],"author":[{"embeddable":true,"href":"https:\/\/m6.pk.edu.pl\/index.php\/wp-json\/wp\/v2\/users\/1"}],"replies":[{"embeddable":true,"href":"https:\/\/m6.pk.edu.pl\/index.php\/wp-json\/wp\/v2\/comments?post=2653"}],"version-history":[{"count":0,"href":"https:\/\/m6.pk.edu.pl\/index.php\/wp-json\/wp\/v2\/pages\/2653\/revisions"}],"up":[{"embeddable":true,"href":"https:\/\/m6.pk.edu.pl\/index.php\/wp-json\/wp\/v2\/pages\/58"}],"wp:attachment":[{"href":"https:\/\/m6.pk.edu.pl\/index.php\/wp-json\/wp\/v2\/media?parent=2653"}],"curies":[{"name":"wp","href":"https:\/\/api.w.org\/{rel}","templated":true}]}}