{"id":221,"date":"2019-08-16T09:44:38","date_gmt":"2019-08-16T07:44:38","guid":{"rendered":"https:\/\/m6.pk.edu.pl\/?page_id=221"},"modified":"2025-10-21T12:58:59","modified_gmt":"2025-10-21T10:58:59","slug":"duda-jan","status":"publish","type":"page","link":"https:\/\/m6.pk.edu.pl\/index.php\/struktura-m-06\/pracownicy-instytutu\/duda-jan\/","title":{"rendered":"Duda Jan"},"content":{"rendered":"\n<div class=\"wp-block-media-text alignwide is-stacked-on-mobile\" style=\"grid-template-columns:21% auto\"><figure class=\"wp-block-media-text__media\"><img fetchpriority=\"high\" decoding=\"async\" width=\"601\" height=\"900\" src=\"https:\/\/m6.pk.edu.pl\/wp-content\/uploads\/2019\/08\/Duda.jpg\" alt=\"\" class=\"wp-image-1098 size-full\" srcset=\"https:\/\/m6.pk.edu.pl\/wp-content\/uploads\/2019\/08\/Duda.jpg 601w, https:\/\/m6.pk.edu.pl\/wp-content\/uploads\/2019\/08\/Duda-200x300.jpg 200w\" sizes=\"(max-width: 601px) 100vw, 601px\" \/><\/figure><div class=\"wp-block-media-text__content\">\n<h3 class=\"wp-block-heading\">dr hab. in\u017c. Jan Duda, prof. PK <\/h3>\n\n\n\n<h3 class=\"wp-block-heading\"><a href=\"https:\/\/www.scopus.com\/authid\/detail.uri?authorId=36959696000\">SCOPUS Author ID<\/a><br><a href=\"https:\/\/orcid.org\/0000-0002-2275-4087\">ORCID iD<\/a><br><a href=\"https:\/\/cris.pk.edu.pl\/info\/author\/CUTebe1e1c1ab5c4d3794c9c9914548672e?r=author&amp;tab=&amp;title=Profil%2Bosoby%2B%25E2%2580%2593%2BJan%2BDuda%2B%25E2%2580%2593%2BPolitechnika%2BKrakowska&amp;lang=pl\">Publikacje &#8211; CRIS PK<\/a><\/h3>\n\n\n\n<p>Telefon: 32 84<br>E-mail:&nbsp;<a href=\"mailto:jan.duda@pk.edu.pl\"><\/a><a href=\"mailto:jan.duda@pk.edu.pl\">jan.duda@pk.edu.pl<\/a><br>Pok\u00f3j C 209a<\/p>\n\n\n\n<ul class=\"wp-block-list\">\n<li><a href=\"https:\/\/m6.pk.edu.pl\/index.php\/strefa-dla-studenta\/konsultacje\/\"><\/a><strong><strong><a href=\"https:\/\/spispracownikow.pk.edu.pl\/\"><strong>Konsultacje<\/strong> w spisie pracownik\u00f3w<\/a><\/strong><\/strong><\/li>\n\n\n\n<li><a href=\"https:\/\/m6.pk.edu.pl\/index.php\/strefa-dla-studenta\/dyplomy\/zagadnienia-do-wyboru-tematow-prac-dyplomowych\/\">Zagadnienia do prac dyplomowych<\/a><\/li>\n\n\n\n<li><a href=\"https:\/\/m6.pk.edu.pl\/index.php\/strefa-dla-studenta\/materialy-dydaktyczne\/\">Materia\u0142y dydaktyczne udost\u0119pniane dla student\u00f3w<\/a><\/li>\n<\/ul>\n<\/div><\/div>\n\n\n\n<p><strong>Dzia\u0142alno\u015b\u0107 naukowo \u2013 badawcza<\/strong><\/p>\n\n\n\n<p>Projektowanie proces\u00f3w technologicznych obr\u00f3bki i monta\u017cu: tworzenie podstaw teoretycznych i metodyki projektowania w warunkach integracji przygotowania produkcji i wytwarzania. Analiza technologiczno\u015bci wyrob\u00f3w (DFA, DFM). Wspomagane projektowanie proces\u00f3w technologicznych, modelowanie wiedzy technologicznej, budowa system\u00f3w CAPP z wykorzystaniem system\u00f3w ekspertowych (Exsys Prof.).&nbsp;<\/p>\n\n\n\n<p>Projektowanie system\u00f3w wytwarzania: tworzenie podstaw teoretycznych i metodyki projektowania system\u00f3w wytwarzania, gniazd i linii produkcyjnych, potok\u00f3w zautomatyzowanych, normowanie czasu pracy, balansowanie linii produkcyjnych, doskonalenie organizacji pracy.<\/p>\n\n\n\n<p>Zarz\u0105dzanie rozwojem wyrob\u00f3w: analiza strategii rozwojowych wyrob\u00f3w, tworzenie metodyki projektowania w warunkach integracji konstrukcyjnego, technologicznego i organizacyjnego przygotowania produkcji, modelowanie rozwoju wyrob\u00f3w (notacje IDEF, BPMN), zastosowanie aplikacji PLM.<\/p>\n\n\n\n<p>Zarz\u0105dzanie produkcj\u0105: normowanie czasu pracy (metody ruch\u00f3w elementarnych MTM, MOST), balansowanie linii produkcyjnych, doskonalenie organizacji pracy, zarz\u0105dzanie wiedz\u0105 produkcyjn\u0105.<\/p>\n\n\n\n<p><strong>Dzia\u0142alno\u015b\u0107 dydaktyczna<\/strong><\/p>\n\n\n\n<p>Zakres: Projektowanie proces\u00f3w technologicznych obr\u00f3bki i monta\u017cu, budowa baz danych, baz wiedzy <br>i system\u00f3w ekspertowych, programowanie maszyn technologicznych, (MTS, CATIA V5), projektowanie proces\u00f3w i system\u00f3w wytwarzania w DELMIA V5, modelowanie rozwoju wyrob\u00f3w (IDEF, BPMN).<\/p>\n\n\n\n<p>Prowadzone przedmioty:<\/p>\n\n\n\n<p>Projektowanie proces\u00f3w Technologicznych (MiBM), Projektowanie i Automatyzacja Proces\u00f3w Technologicznych, Projektowanie system\u00f3w ekspertowych, Systemy zarz\u0105dzania rozwojem wyrobu, Zarz\u0105dzanie produkcj\u0105 (AiR), Komputerowo wspomagane projektowanie&nbsp; proces\u00f3w obr\u00f3bki i monta\u017cu, Systemy Komputerowo zintegrowanego wytwarzania, Systemy zarz\u0105dzania rozwojem wyrobu PLM, Sztuczna inteligencja w zarz\u0105dzaniu produkcj\u0105 (ZiP) zarz\u0105dzanie cyklem \u017cycia wyrobu, Projektowanie proces\u00f3w <br>i oprzyrz\u0105dowania technologicznego (IP).<\/p>\n\n\n\n<p>Opiekun specjalno\u015bci: Automatyzacja system\u00f3w wytwarzania<\/p>\n\n\n\n<p><strong>Hobby:<\/strong>&nbsp;Majsterkowanie, sporty rekreacyjne, uprawa ro\u015blin.<\/p>\n","protected":false},"excerpt":{"rendered":"<p>Dzia\u0142alno\u015b\u0107 naukowo \u2013 badawcza Projektowanie proces\u00f3w technologicznych obr\u00f3bki i monta\u017cu: tworzenie podstaw teoretycznych i metodyki projektowania w warunkach integracji przygotowania produkcji i wytwarzania. Analiza technologiczno\u015bci wyrob\u00f3w (DFA, DFM). Wspomagane projektowanie proces\u00f3w technologicznych, modelowanie wiedzy technologicznej, budowa system\u00f3w CAPP z wykorzystaniem system\u00f3w ekspertowych (Exsys Prof.).&nbsp; Projektowanie system\u00f3w wytwarzania: tworzenie podstaw teoretycznych i metodyki projektowania system\u00f3w wytwarzania,&hellip;&nbsp;<a href=\"https:\/\/m6.pk.edu.pl\/index.php\/struktura-m-06\/pracownicy-instytutu\/duda-jan\/\" rel=\"bookmark\">Dowiedz si\u0119 wi\u0119cej &raquo;<span class=\"screen-reader-text\">Duda Jan<\/span><\/a><\/p>\n","protected":false},"author":1,"featured_media":0,"parent":100,"menu_order":0,"comment_status":"closed","ping_status":"closed","template":"","meta":{"advgb_blocks_editor_width":"","advgb_blocks_columns_visual_guide":"","neve_meta_sidebar":"","neve_meta_container":"","neve_meta_enable_content_width":"off","neve_meta_content_width":0,"neve_meta_title_alignment":"","neve_meta_author_avatar":"","neve_post_elements_order":"","neve_meta_disable_header":"","neve_meta_disable_footer":"","neve_meta_disable_title":"on","_themeisle_gutenberg_block_has_review":false,"footnotes":""},"class_list":["post-221","page","type-page","status-publish","hentry"],"coauthors":[],"author_meta":{"author_link":"https:\/\/m6.pk.edu.pl\/index.php\/author\/gibaspiotr\/","display_name":"gibaspiotr"},"relative_dates":{"created":"Posted 7 lat ago","modified":"Updated 6 miesi\u0119cy ago"},"absolute_dates":{"created":"Posted on 16 sierpnia 2019","modified":"Updated on 21 pa\u017adziernika 2025"},"absolute_dates_time":{"created":"Posted on 16 sierpnia 2019 09:44","modified":"Updated on 21 pa\u017adziernika 2025 12:58"},"featured_img_caption":"","featured_img":false,"series_order":"","_links":{"self":[{"href":"https:\/\/m6.pk.edu.pl\/index.php\/wp-json\/wp\/v2\/pages\/221","targetHints":{"allow":["GET"]}}],"collection":[{"href":"https:\/\/m6.pk.edu.pl\/index.php\/wp-json\/wp\/v2\/pages"}],"about":[{"href":"https:\/\/m6.pk.edu.pl\/index.php\/wp-json\/wp\/v2\/types\/page"}],"author":[{"embeddable":true,"href":"https:\/\/m6.pk.edu.pl\/index.php\/wp-json\/wp\/v2\/users\/1"}],"replies":[{"embeddable":true,"href":"https:\/\/m6.pk.edu.pl\/index.php\/wp-json\/wp\/v2\/comments?post=221"}],"version-history":[{"count":0,"href":"https:\/\/m6.pk.edu.pl\/index.php\/wp-json\/wp\/v2\/pages\/221\/revisions"}],"up":[{"embeddable":true,"href":"https:\/\/m6.pk.edu.pl\/index.php\/wp-json\/wp\/v2\/pages\/100"}],"wp:attachment":[{"href":"https:\/\/m6.pk.edu.pl\/index.php\/wp-json\/wp\/v2\/media?parent=221"}],"curies":[{"name":"wp","href":"https:\/\/api.w.org\/{rel}","templated":true}]}}