{"id":10663,"date":"2024-12-18T13:30:23","date_gmt":"2024-12-18T12:30:23","guid":{"rendered":"https:\/\/m6.pk.edu.pl\/?page_id=10663"},"modified":"2024-12-18T14:28:55","modified_gmt":"2024-12-18T13:28:55","slug":"dla-pracownikow","status":"publish","type":"page","link":"https:\/\/m6.pk.edu.pl\/index.php\/dla-pracownikow\/","title":{"rendered":"Dla pracownik\u00f3w"},"content":{"rendered":"\n<p><a href=\"https:\/\/m6.pk.edu.pl\/wp-content\/uploads\/2024\/06\/Procedura_zglaszania_zastepstw_i-zmian_w_podziale_zajec.pdf\">Procedura zg\u0142aszania zast\u0119pstw<\/a><\/p>\n\n\n\n<p><a href=\"https:\/\/m6.pk.edu.pl\/index.php\/vpn-wm\/\">VPN WM<\/a><\/p>\n\n\n\n<p><a href=\"https:\/\/ehms.pk.edu.pl\/standard\/\">Wirtualne kadry<\/a><\/p>\n\n\n\n<p><a href=\"https:\/\/eod.pk.edu.pl\/\">EOD<\/a><\/p>\n\n\n\n<p><a href=\"http:\/\/ex.pk.edu.pl\/owa\/\">Poczta PK<\/a><\/p>\n\n\n\n<p><a href=\"https:\/\/podzial.mech.pk.edu.pl\">Podzia\u0142 godzin WM &#8211; 2024\/25<\/a><\/p>\n\n\n\n<p><a href=\"https:\/\/m6.pk.edu.pl\/index.php\/dyplomy\">Praca dyplomowa<\/a><\/p>\n\n\n\n<p><a href=\"https:\/\/sip.pk.edu.pl\/\">Serwis informacyjny<\/a><\/p>\n\n\n\n<p><a href=\"http:\/\/bip.pk.edu.pl\/\">Biuletyn Informacji Publicznej PK<\/a><\/p>\n\n\n\n<p><a href=\"https:\/\/spispracownikow.pk.edu.pl\/\">Spis pracownik\u00f3w PK<\/a><\/p>\n\n\n\n<p><a href=\"https:\/\/sus.pk.edu.pl\/\">&#8222;SUS&#8221;<\/a><\/p>\n\n\n\n<p><a href=\"https:\/\/di.pk.edu.pl\/\">Dzia\u0142 informatyzacji<\/a><\/p>\n\n\n\n<p><a href=\"http:\/\/ced.pk.edu.pl\/\">Centrum e-edukacji PK<\/a><\/p>\n\n\n\n<p><\/p>\n","protected":false},"excerpt":{"rendered":"<p>Procedura zg\u0142aszania zast\u0119pstw VPN WM Wirtualne kadry EOD Poczta PK Podzia\u0142 godzin WM &#8211; 2024\/25 Praca dyplomowa Serwis informacyjny Biuletyn Informacji Publicznej PK Spis pracownik\u00f3w PK &#8222;SUS&#8221; Dzia\u0142 informatyzacji Centrum e-edukacji PK<\/p>\n","protected":false},"author":1,"featured_media":0,"parent":0,"menu_order":0,"comment_status":"closed","ping_status":"closed","template":"","meta":{"advgb_blocks_editor_width":"","advgb_blocks_columns_visual_guide":"","neve_meta_sidebar":"","neve_meta_container":"","neve_meta_enable_content_width":"","neve_meta_content_width":0,"neve_meta_title_alignment":"","neve_meta_author_avatar":"","neve_post_elements_order":"","neve_meta_disable_header":"","neve_meta_disable_footer":"","neve_meta_disable_title":"","_themeisle_gutenberg_block_has_review":false,"footnotes":""},"class_list":["post-10663","page","type-page","status-publish","hentry"],"coauthors":[],"author_meta":{"author_link":"https:\/\/m6.pk.edu.pl\/index.php\/author\/gibaspiotr\/","display_name":"gibaspiotr"},"relative_dates":{"created":"Posted 1 rok ago","modified":"Updated 1 rok ago"},"absolute_dates":{"created":"Posted on 18 grudnia 2024","modified":"Updated on 18 grudnia 2024"},"absolute_dates_time":{"created":"Posted on 18 grudnia 2024 13:30","modified":"Updated on 18 grudnia 2024 14:28"},"featured_img_caption":"","featured_img":false,"series_order":"","_links":{"self":[{"href":"https:\/\/m6.pk.edu.pl\/index.php\/wp-json\/wp\/v2\/pages\/10663","targetHints":{"allow":["GET"]}}],"collection":[{"href":"https:\/\/m6.pk.edu.pl\/index.php\/wp-json\/wp\/v2\/pages"}],"about":[{"href":"https:\/\/m6.pk.edu.pl\/index.php\/wp-json\/wp\/v2\/types\/page"}],"author":[{"embeddable":true,"href":"https:\/\/m6.pk.edu.pl\/index.php\/wp-json\/wp\/v2\/users\/1"}],"replies":[{"embeddable":true,"href":"https:\/\/m6.pk.edu.pl\/index.php\/wp-json\/wp\/v2\/comments?post=10663"}],"version-history":[{"count":0,"href":"https:\/\/m6.pk.edu.pl\/index.php\/wp-json\/wp\/v2\/pages\/10663\/revisions"}],"wp:attachment":[{"href":"https:\/\/m6.pk.edu.pl\/index.php\/wp-json\/wp\/v2\/media?parent=10663"}],"curies":[{"name":"wp","href":"https:\/\/api.w.org\/{rel}","templated":true}]}}